{"id":6281,"date":"2025-05-30T11:23:49","date_gmt":"2025-05-30T11:23:49","guid":{"rendered":"https:\/\/glaszwerg.com\/?page_id=6281"},"modified":"2025-05-30T11:23:52","modified_gmt":"2025-05-30T11:23:52","slug":"der-glaszwerg-bei-einfach-heimat","status":"publish","type":"page","link":"https:\/\/glaszwerg.com\/?page_id=6281","title":{"rendered":"Der Glaszwerg bei &#8222;Einfach Heimat&#8220;"},"content":{"rendered":"\n<p>Alles Gute aus dem Nordwesten &#8211; und der Glaszwerg darf mit dabei sein! Der Glaszwerg ist nun auch mit einem Shopangebot auf der Plattform &#8222;Einfach Heimat&#8220; vertreten. Eine wunderbare M\u00f6glichkeit, regionale und einzigartige Sch\u00e4tze zu Shoppen. Schau mal vorbei <a href=\"https:\/\/einfach-heimat.de\/\">Einfach Heimat<\/a> und sieh dich um &#8211; ich w\u00fcrde mich sehr \u00fcber eine positive Bewertung und auch gerne ein Feedback an mich freuen, nur so kann ich f\u00fcr euch besser werden!<\/p>\n","protected":false},"excerpt":{"rendered":"<p>Alles Gute aus dem Nordwesten &#8211; und der Glaszwerg darf mit dabei sein! Der Glaszwerg ist nun auch mit einem<\/p>\n","protected":false},"author":1,"featured_media":6282,"parent":0,"menu_order":0,"comment_status":"closed","ping_status":"closed","template":"","meta":{"_exactmetrics_skip_tracking":false,"_exactmetrics_sitenote_active":false,"_exactmetrics_sitenote_note":"","_exactmetrics_sitenote_category":0,"footnotes":""},"class_list":["post-6281","page","type-page","status-publish","has-post-thumbnail","hentry","comments-off"],"jetpack_sharing_enabled":true,"_links":{"self":[{"href":"https:\/\/glaszwerg.com\/index.php?rest_route=\/wp\/v2\/pages\/6281","targetHints":{"allow":["GET"]}}],"collection":[{"href":"https:\/\/glaszwerg.com\/index.php?rest_route=\/wp\/v2\/pages"}],"about":[{"href":"https:\/\/glaszwerg.com\/index.php?rest_route=\/wp\/v2\/types\/page"}],"author":[{"embeddable":true,"href":"https:\/\/glaszwerg.com\/index.php?rest_route=\/wp\/v2\/users\/1"}],"replies":[{"embeddable":true,"href":"https:\/\/glaszwerg.com\/index.php?rest_route=%2Fwp%2Fv2%2Fcomments&post=6281"}],"version-history":[{"count":1,"href":"https:\/\/glaszwerg.com\/index.php?rest_route=\/wp\/v2\/pages\/6281\/revisions"}],"predecessor-version":[{"id":6284,"href":"https:\/\/glaszwerg.com\/index.php?rest_route=\/wp\/v2\/pages\/6281\/revisions\/6284"}],"wp:featuredmedia":[{"embeddable":true,"href":"https:\/\/glaszwerg.com\/index.php?rest_route=\/wp\/v2\/media\/6282"}],"wp:attachment":[{"href":"https:\/\/glaszwerg.com\/index.php?rest_route=%2Fwp%2Fv2%2Fmedia&parent=6281"}],"curies":[{"name":"wp","href":"https:\/\/api.w.org\/{rel}","templated":true}]}}