{"id":6320,"date":"2025-07-13T15:32:11","date_gmt":"2025-07-13T15:32:11","guid":{"rendered":"https:\/\/glaszwerg.com\/?page_id=6320"},"modified":"2025-07-13T15:32:12","modified_gmt":"2025-07-13T15:32:12","slug":"der-glaszwerg-beim-s-fachl-in-celle","status":"publish","type":"page","link":"https:\/\/glaszwerg.com\/?page_id=6320","title":{"rendered":"Der Glaszwerg beim &#8217;s Fachl in Celle"},"content":{"rendered":"\n<p>Ich freue mich sehr, dass ich bei der Er\u00f6ffnung der neuen &#8217;s Fachl-Niederlassung in Celle mit dabei sein kann! <\/p>\n\n\n\n<p><strong>&#8217;s Fachl Shops<\/strong> sind Heimat von\u00a0<strong>Handgefertigtem, H\u00fcbschem und Kreativem<\/strong>. Produkte im &#8217;s Fachl verbindet die Leidenschaft derer die sie herstellen. Hier gibt es nichts von der Stange, sondern ehrliches Handwerk von Kleinerzeuger:innen. Produkte, die du nirgendwo sonst findest. In Celle wird es in der Z\u00f6llnerstra\u00dfe 6 (29221 Celle) ab 01.08.2025 er\u00f6ffnet. <\/p>\n\n\n\n<p>Montag bis Freitag k\u00f6nnt ihr dort von 10.00 bis 18.00 Uhr und am Samstag von 10.00 bis 17.00 Uhr nach Herzenslust st\u00f6bern und shoppen. <\/p>\n\n\n\n<p><\/p>\n","protected":false},"excerpt":{"rendered":"<p>Ich freue mich sehr, dass ich bei der Er\u00f6ffnung der neuen &#8217;s Fachl-Niederlassung in Celle mit dabei sein kann! &#8217;s<\/p>\n","protected":false},"author":1,"featured_media":6321,"parent":0,"menu_order":0,"comment_status":"closed","ping_status":"closed","template":"","meta":{"_exactmetrics_skip_tracking":false,"_exactmetrics_sitenote_active":false,"_exactmetrics_sitenote_note":"","_exactmetrics_sitenote_category":0,"footnotes":""},"class_list":["post-6320","page","type-page","status-publish","has-post-thumbnail","hentry","comments-off"],"jetpack_sharing_enabled":true,"_links":{"self":[{"href":"https:\/\/glaszwerg.com\/index.php?rest_route=\/wp\/v2\/pages\/6320","targetHints":{"allow":["GET"]}}],"collection":[{"href":"https:\/\/glaszwerg.com\/index.php?rest_route=\/wp\/v2\/pages"}],"about":[{"href":"https:\/\/glaszwerg.com\/index.php?rest_route=\/wp\/v2\/types\/page"}],"author":[{"embeddable":true,"href":"https:\/\/glaszwerg.com\/index.php?rest_route=\/wp\/v2\/users\/1"}],"replies":[{"embeddable":true,"href":"https:\/\/glaszwerg.com\/index.php?rest_route=%2Fwp%2Fv2%2Fcomments&post=6320"}],"version-history":[{"count":1,"href":"https:\/\/glaszwerg.com\/index.php?rest_route=\/wp\/v2\/pages\/6320\/revisions"}],"predecessor-version":[{"id":6323,"href":"https:\/\/glaszwerg.com\/index.php?rest_route=\/wp\/v2\/pages\/6320\/revisions\/6323"}],"wp:featuredmedia":[{"embeddable":true,"href":"https:\/\/glaszwerg.com\/index.php?rest_route=\/wp\/v2\/media\/6321"}],"wp:attachment":[{"href":"https:\/\/glaszwerg.com\/index.php?rest_route=%2Fwp%2Fv2%2Fmedia&parent=6320"}],"curies":[{"name":"wp","href":"https:\/\/api.w.org\/{rel}","templated":true}]}}

<p>Ich freue mich sehr, dass ich bei der Eröffnung der neuen &#8217;s Fachl-Niederlassung in Celle mit dabei sein kann! </p>



<p><strong>&#8217;s Fachl Shops</strong> sind Heimat von <strong>Handgefertigtem, Hübschem und Kreativem</strong>. Produkte im &#8217;s Fachl verbindet die Leidenschaft derer die sie herstellen. Hier gibt es nichts von der Stange, sondern ehrliches Handwerk von Kleinerzeuger:innen. Produkte, die du nirgendwo sonst findest. In Celle wird es in der Zöllnerstraße 6 (29221 Celle) ab 01.08.2025 eröffnet. </p>



<p>Montag bis Freitag könnt ihr dort von 10.00 bis 18.00 Uhr und am Samstag von 10.00 bis 17.00 Uhr nach Herzenslust stöbern und shoppen. </p>



<p></p>

<p>Ich freue mich sehr, dass ich bei der Eröffnung der neuen &#8217;s Fachl-Niederlassung in Celle mit dabei sein kann! &#8217;s</p>
