{"id":844,"date":"2019-12-29T17:25:07","date_gmt":"2019-12-29T17:25:07","guid":{"rendered":"https:\/\/glaszwerg.com\/?page_id=844"},"modified":"2025-02-12T13:22:00","modified_gmt":"2025-02-12T13:22:00","slug":"shopping-vom-glaszwerg","status":"publish","type":"page","link":"https:\/\/glaszwerg.com\/?page_id=844","title":{"rendered":"Shopping beim Glaszwerg"},"content":{"rendered":"\n<p>Wie kann ich eine BunteGuteLaunePerle vom Glaszwerg adoptieren?<\/p>\n\n\n\n<p>Es gibt verschiedene M\u00f6glichkeiten. Die BunteGuteLaunePerlen sind \u00fcber mehrere &#8222;Kan\u00e4le&#8220; erh\u00e4ltlich.<\/p>\n\n\n\n<p>Zum Beispiel einfach <strong>anrufen <\/strong>und eventuell den Wunsch auf die Mobilbox quatschen (Telefonnummer steht hier rechts au\u00dfen am Rand der Homepage). Mit dieser Nummer bin ich auch per <strong>WhatsApp <\/strong>Geht auch schnell und unkompliziert. Einfach an +49 0175 872925. Dann vereinbaren wir einen Besuchstermin im Glaszwergenreich. Da die Glasperlen meine Berufung aber nicht mein Hauptberuf sind, bin ich nicht immer zu Hause.<\/p>\n\n\n\n<p>Oder eine <strong>EMail <\/strong>schreiben &#8211; an <a href=\"mailto:glaszwerg@web.de\">glaszwerg@web.de<\/a> . Ich versuche, so schnell als m\u00f6glich zu antworten und bitte gerne auch nachhaken, denn es passiert schon mal, dass ich die Email lese, nicht sofort antworte und *schwupps* ist die Email wieder raus aus meinem Ged\u00e4chtnis. Ich nehme &#8222;Erinnerungen&#8220; nicht krumm.<\/p>\n\n\n\n<p>Oder <strong>online bestellen<\/strong>, \u00fcber meinen Shop <a href=\"https:\/\/glaszwerg.com\/?post_type=product\" target=\"_blank\" rel=\"noreferrer noopener\">HIER <\/a>auf dieser Seite. Ich bin versanderprobt innerhalb von Deutschland, innerhalb der EU aber auch \u00fcber international. Hier gibt es nur hie und da Herausforderungen mit dem Transport und den dazugeh\u00f6rigen Kosten zu regeln. Ich melde mich bei Bestellungen dann sofort, um die besten M\u00f6glichkeiten des Transportes gemeinsam auszuloten. Ich pers\u00f6nlich bin ein absoluter Freund von Sendungsverfolgung \/ Trackingnummern, daher versende ich grunds\u00e4tzlich nichts als P\u00e4ckchen &#8211; dies w\u00e4re dann n\u00e4mlich unversichert und unverfolgbar &#8211; und wenn es schlecht l\u00e4uft, unauffindbar. Aber seit 2025 nutze ich nicht nur DHL sondern auch Hermes als Versanddienstleister.<\/p>\n\n\n\n<p>Und dann gibt es noch &#8211; ich nenne sie &#8211; &#8222;<strong>kreative Fachgesch\u00e4fte<\/strong>&#8222;. Hier werden in einem tollen Ladenkonzept Regalpl\u00e4tze an kreative K\u00f6pfe vermietet. Ich bin schon ein klein wenig stolz darauf, dass ich bereits in mehrere L\u00e4den mit meinen BuntenGuteLaunePerlen vertreten sein darf. Einen \u00dcberblick seht ihr im Pull-Down-Men\u00fc unter diesem Men\u00fcpunkt &#8222;Glaszwerg bei &#8230;.&#8220; &#8211; die \u00d6ffnungszeiten stehen bei allen Anbietern dabei.<\/p>\n\n\n\n<p>Nat\u00fcrlich k\u00f6nnen wir uns auch pers\u00f6nlich auf einem der vielen M\u00e4rkte treffen! Die Termine stehen immer aktuell an der rechten Seite dieser Homepage und unter den Neuigkeiten \/ Textbeitr\u00e4ge erz\u00e4hle ich euch immer ungef\u00e4hr eine Woche vor der Veranstaltung genaueres dazu. Wenn ihr &#8222;live&#8220; beim Aufbau und der Veranstaltung dabei sein wollt, dann abonniert mich gerne auf <a href=\"https:\/\/www.instagram.com\/glaszwerg\/\">instagram <\/a>oder schickt mir eine Nachricht per WhatsApp, dann speichere ich euren Kontakt ab und ihr k\u00f6nnt meine Stories und Berichte sehen. <\/p>\n\n\n\n<p><\/p>\n","protected":false},"excerpt":{"rendered":"<p>Wie kann ich eine BunteGuteLaunePerle vom Glaszwerg adoptieren? Es gibt verschiedene M\u00f6glichkeiten. Die BunteGuteLaunePerlen sind \u00fcber mehrere &#8222;Kan\u00e4le&#8220; erh\u00e4ltlich. Zum<\/p>\n","protected":false},"author":1,"featured_media":6039,"parent":0,"menu_order":0,"comment_status":"closed","ping_status":"closed","template":"","meta":{"_exactmetrics_skip_tracking":false,"_exactmetrics_sitenote_active":false,"_exactmetrics_sitenote_note":"","_exactmetrics_sitenote_category":0,"footnotes":""},"class_list":["post-844","page","type-page","status-publish","has-post-thumbnail","hentry","comments-off"],"jetpack_sharing_enabled":true,"_links":{"self":[{"href":"https:\/\/glaszwerg.com\/index.php?rest_route=\/wp\/v2\/pages\/844","targetHints":{"allow":["GET"]}}],"collection":[{"href":"https:\/\/glaszwerg.com\/index.php?rest_route=\/wp\/v2\/pages"}],"about":[{"href":"https:\/\/glaszwerg.com\/index.php?rest_route=\/wp\/v2\/types\/page"}],"author":[{"embeddable":true,"href":"https:\/\/glaszwerg.com\/index.php?rest_route=\/wp\/v2\/users\/1"}],"replies":[{"embeddable":true,"href":"https:\/\/glaszwerg.com\/index.php?rest_route=%2Fwp%2Fv2%2Fcomments&post=844"}],"version-history":[{"count":9,"href":"https:\/\/glaszwerg.com\/index.php?rest_route=\/wp\/v2\/pages\/844\/revisions"}],"predecessor-version":[{"id":6141,"href":"https:\/\/glaszwerg.com\/index.php?rest_route=\/wp\/v2\/pages\/844\/revisions\/6141"}],"wp:featuredmedia":[{"embeddable":true,"href":"https:\/\/glaszwerg.com\/index.php?rest_route=\/wp\/v2\/media\/6039"}],"wp:attachment":[{"href":"https:\/\/glaszwerg.com\/index.php?rest_route=%2Fwp%2Fv2%2Fmedia&parent=844"}],"curies":[{"name":"wp","href":"https:\/\/api.w.org\/{rel}","templated":true}]}}