{"id":1622,"date":"2020-01-25T22:19:22","date_gmt":"2020-01-25T22:19:22","guid":{"rendered":"https:\/\/glaszwerg.com\/?post_type=product&#038;p=1622"},"modified":"2025-02-12T21:41:04","modified_gmt":"2025-02-12T21:41:04","slug":"bienchen-zum-stecken","status":"publish","type":"product","link":"https:\/\/glaszwerg.com\/?product=bienchen-zum-stecken","title":{"rendered":"Bienchen zum Stecken"},"content":{"rendered":"<p>Die kleine Biene macht sich hervorragend in einem kleinen bunten Blumentopf, zum Beispiel Primeln. Aber auch im bunt bl\u00fchenden Balkonk\u00e4stchen macht sie auf jeden Fall einen guten Eindruck und durch den etwas verhuschten Blick (ich kann sie gar nicht anders), kommt sicher auch gute Laune auf.<\/p>\n<p>Jedes Bienchen ist auf einem Edelstahlstab (Fahrradspeiche) gefertigt, somit steht einem Einsatz im freien, auch ohne Regenschutz, nichts im Wege. Die Bienchen fallen alle ein wenig unterschiedlich gro\u00df aus, der Blick kann von dem am Foto abweichen. Das ergibt sich einfach durch die Handarbeit, denn jedes Bienchen fertige ich selbst liebevoll an meinem Brenner in meinem Atelier.<\/p>\n<p>Anmerkung gem. Produktsicherheitsverordnung:<br \/>\nIch fertige jede Glasperle in meinem Atelier selbst. Daf\u00fcr verwende ich italienisches Glas aus Murano und auch deutsches Weichglas aus Lauscha und Reichenbach. Jede Glasperle ist ein Unikat, keine gleicht der anderen, es ist alles Handarbeit. Wenn die Glasperle am Brenner fertig geformt ist, entspannt sie sich im Temperofen. Dadurch verl\u00e4ngert sich die Lebenszeit der Glasperle erheblich. Jede Glasperle wird vor dem Versand im Perlenkanal ges\u00e4ubert und dann weiterverarbeitet. Perlen f\u00fcr Anh\u00e4nger werden immer mit Edelstahlstiften und -Karabiner versehen. Blumenstecker-Perlen sind immer auf Edelstahlst\u00e4ben gearbeitet. Einige Anh\u00e4nger werden mit Papiertag ausgeliefert. Diese fertige ich ebenfalls alle selbst zu Hause im Glaszwergenreich. Bei weiteren Fragen schickt mir gerne eine Email an <a href=\"mailto:glaszwerg@web.de\">glaszwerg@web.de<\/a> .<\/p>\n","protected":false},"excerpt":{"rendered":"<p>Die kleine Biene macht sich hervorragend in einem kleinen bunten Blumentopf, zum Beispiel Primeln. Aber auch im bunt bl\u00fchenden Balkonk\u00e4stchen<\/p>\n","protected":false},"featured_media":1617,"comment_status":"open","ping_status":"closed","template":"","meta":{"_exactmetrics_skip_tracking":false,"_exactmetrics_sitenote_active":false,"_exactmetrics_sitenote_note":"","_exactmetrics_sitenote_category":0},"product_brand":[],"product_cat":[294,295],"product_tag":[283,296,297],"class_list":{"0":"post-1622","1":"product","2":"type-product","3":"status-publish","4":"has-post-thumbnail","6":"product_cat-blumenstecker","7":"product_cat-tierisch","8":"product_tag-biene","9":"product_tag-blumenstecker","10":"product_tag-tierisch","12":"first","13":"instock","14":"shipping-taxable","15":"purchasable","16":"product-type-simple"},"jetpack_sharing_enabled":true,"_links":{"self":[{"href":"https:\/\/glaszwerg.com\/index.php?rest_route=\/wp\/v2\/product\/1622","targetHints":{"allow":["GET"]}}],"collection":[{"href":"https:\/\/glaszwerg.com\/index.php?rest_route=\/wp\/v2\/product"}],"about":[{"href":"https:\/\/glaszwerg.com\/index.php?rest_route=\/wp\/v2\/types\/product"}],"replies":[{"embeddable":true,"href":"https:\/\/glaszwerg.com\/index.php?rest_route=%2Fwp%2Fv2%2Fcomments&post=1622"}],"wp:featuredmedia":[{"embeddable":true,"href":"https:\/\/glaszwerg.com\/index.php?rest_route=\/wp\/v2\/media\/1617"}],"wp:attachment":[{"href":"https:\/\/glaszwerg.com\/index.php?rest_route=%2Fwp%2Fv2%2Fmedia&parent=1622"}],"wp:term":[{"taxonomy":"product_brand","embeddable":true,"href":"https:\/\/glaszwerg.com\/index.php?rest_route=%2Fwp%2Fv2%2Fproduct_brand&post=1622"},{"taxonomy":"product_cat","embeddable":true,"href":"https:\/\/glaszwerg.com\/index.php?rest_route=%2Fwp%2Fv2%2Fproduct_cat&post=1622"},{"taxonomy":"product_tag","embeddable":true,"href":"https:\/\/glaszwerg.com\/index.php?rest_route=%2Fwp%2Fv2%2Fproduct_tag&post=1622"}],"curies":[{"name":"wp","href":"https:\/\/api.w.org\/{rel}","templated":true}]}}