{"id":3933,"date":"2020-06-21T20:29:15","date_gmt":"2020-06-21T20:29:15","guid":{"rendered":"https:\/\/glaszwerg.com\/?post_type=product&#038;p=3933"},"modified":"2025-02-12T21:04:13","modified_gmt":"2025-02-12T21:04:13","slug":"hufnagel","status":"publish","type":"product","link":"https:\/\/glaszwerg.com\/?product=hufnagel","title":{"rendered":"Hufnagel"},"content":{"rendered":"<p>Der Hufnagel ist ein perfekter Begleiter f\u00fcr den Schl\u00fcsselbund, da er sehr robust ist. Das hei\u00dfe Glas wird direkt auf den gl\u00fchenden Hufnagel aufgetragen und kann sich daher beim Abk\u00fchlen fast f\u00fcr ewig damit verbinden. Es gibt keine unsch\u00f6nen Klebestellen. Der Hufnagel kann aber auch als Kettenanh\u00e4nger verwendet werden, er f\u00e4rbt nicht ab. F\u00fcr den Schl\u00fcsselbund ist er gleich fertig vorbereitet, denn er wird mit einem Schl\u00fcsselring ausgeliefert. Ich verwende daf\u00fcr haupts\u00e4chlich Murano Glas und nat\u00fcrlich wird die Perle mit dem Hufnagel im Ofen kontrolliert abgek\u00fchlt, um die Spannungen soweit wie m\u00f6glich aus dem Glas zu nehmen.<\/p>\n<p>Bitte bei der Bestellung einen Farbwunsch angeben. Ich kann auch die Hufn\u00e4gel individuell fertigen. Da sie nicht immer vorr\u00e4tig sind, werde ich nach einer Bestellung sowieso mit Ihnen Kontakt aufnehmen.<\/p>\n<p>Anmerkung gem. Produktsicherheitsverordnung:<br \/>\nIch fertige jede Glasperle in meinem Atelier selbst. Daf\u00fcr verwende ich italienisches Glas aus Murano und auch deutsches Weichglas aus Lauscha und Reichenbach. Jede Glasperle ist ein Unikat, keine gleicht der anderen, es ist alles Handarbeit. Wenn die Glasperle am Brenner fertig geformt ist, entspannt sie sich im Temperofen. Dadurch verl\u00e4ngert sich die Lebenszeit der Glasperle erheblich. Jede Glasperle wird vor dem Versand im Perlenkanal ges\u00e4ubert und dann weiterverarbeitet. Perlen f\u00fcr Anh\u00e4nger werden immer mit Edelstahlstiften und -Karabiner versehen. Blumenstecker-Perlen sind immer auf Edelstahlst\u00e4ben gearbeitet. Einige Anh\u00e4nger werden mit Papiertag ausgeliefert. Diese fertige ich ebenfalls alle selbst zu Hause im Glaszwergenreich. Bei weiteren Fragen schickt mir gerne eine Email an <a href=\"mailto:glaszwerg@web.de\">glaszwerg@web.de<\/a> .<\/p>\n","protected":false},"excerpt":{"rendered":"<p>Hufnagel mit Perle und Schl\u00fcsselring, Farbwunsch ist m\u00f6glich<\/p>\n","protected":false},"featured_media":3931,"comment_status":"open","ping_status":"closed","template":"","meta":{"_exactmetrics_skip_tracking":false,"_exactmetrics_sitenote_active":false,"_exactmetrics_sitenote_note":"","_exactmetrics_sitenote_category":0},"product_brand":[],"product_cat":[285,510],"product_tag":[286,513,512,511],"class_list":{"0":"post-3933","1":"product","2":"type-product","3":"status-publish","4":"has-post-thumbnail","6":"product_cat-anhaenger","7":"product_cat-schluesselanhaenger","8":"product_tag-anhaenger","9":"product_tag-hufnagel","10":"product_tag-pferd","11":"product_tag-schluesselanhaenger","13":"first","14":"instock","15":"shipping-taxable","16":"purchasable","17":"product-type-simple"},"jetpack_sharing_enabled":true,"_links":{"self":[{"href":"https:\/\/glaszwerg.com\/index.php?rest_route=\/wp\/v2\/product\/3933","targetHints":{"allow":["GET"]}}],"collection":[{"href":"https:\/\/glaszwerg.com\/index.php?rest_route=\/wp\/v2\/product"}],"about":[{"href":"https:\/\/glaszwerg.com\/index.php?rest_route=\/wp\/v2\/types\/product"}],"replies":[{"embeddable":true,"href":"https:\/\/glaszwerg.com\/index.php?rest_route=%2Fwp%2Fv2%2Fcomments&post=3933"}],"wp:featuredmedia":[{"embeddable":true,"href":"https:\/\/glaszwerg.com\/index.php?rest_route=\/wp\/v2\/media\/3931"}],"wp:attachment":[{"href":"https:\/\/glaszwerg.com\/index.php?rest_route=%2Fwp%2Fv2%2Fmedia&parent=3933"}],"wp:term":[{"taxonomy":"product_brand","embeddable":true,"href":"https:\/\/glaszwerg.com\/index.php?rest_route=%2Fwp%2Fv2%2Fproduct_brand&post=3933"},{"taxonomy":"product_cat","embeddable":true,"href":"https:\/\/glaszwerg.com\/index.php?rest_route=%2Fwp%2Fv2%2Fproduct_cat&post=3933"},{"taxonomy":"product_tag","embeddable":true,"href":"https:\/\/glaszwerg.com\/index.php?rest_route=%2Fwp%2Fv2%2Fproduct_tag&post=3933"}],"curies":[{"name":"wp","href":"https:\/\/api.w.org\/{rel}","templated":true}]}}