{"id":4569,"date":"2021-02-14T11:02:56","date_gmt":"2021-02-14T11:02:56","guid":{"rendered":"https:\/\/glaszwerg.com\/?post_type=product&#038;p=4569"},"modified":"2025-02-12T19:52:32","modified_gmt":"2025-02-12T19:52:32","slug":"tea-rex","status":"publish","type":"product","link":"https:\/\/glaszwerg.com\/?product=tea-rex","title":{"rendered":"TEA-Rex"},"content":{"rendered":"<p>Ein kleiner Tea-Rex klammert sich an den Teebeutel und hilft dir, beim Eingie\u00dfen des hei\u00dfen Wassers, dass der Teebeutel nicht komplett in den Fluten verschwindet. Toller K\u00fcchenhelfer! Er bringt \u00fcbrigens 5 Teebeutel mit bei Bestellung.<\/p>\n<p>Nat\u00fcrlich ist es auch wieder m\u00f6glich, Eure Lieblingsfarbe umzusetzen. Sagt mir am Ende der Bestellung im Kommentar, welche Farbe es sein darf. Jeder TeaRex ist ein Unikat, freigeformt und kann dadurch in Stil und Gr\u00f6\u00dfe ein klein wenig variieren. Jeder TeaRex ist getempert und hat einen Edelstahlkarabiner zum Festhalten dabei.<\/p>\n<p>Anmerkung gem. Produktsicherheitsverordnung:<br \/>\nIch fertige jede Glasperle in meinem Atelier selbst. Daf\u00fcr verwende ich italienisches Glas aus Murano und auch deutsches Weichglas aus Lauscha und Reichenbach. Jede Glasperle ist ein Unikat, keine gleicht der anderen, es ist alles Handarbeit. Wenn die Glasperle am Brenner fertig geformt ist, entspannt sie sich im Temperofen. Dadurch verl\u00e4ngert sich die Lebenszeit der Glasperle erheblich. Jede Glasperle wird vor dem Versand im Perlenkanal ges\u00e4ubert und dann weiterverarbeitet. Perlen f\u00fcr Anh\u00e4nger werden immer mit Edelstahlstiften und -Karabiner versehen. Blumenstecker-Perlen sind immer auf Edelstahlst\u00e4ben gearbeitet. Einige Anh\u00e4nger werden mit Papiertag ausgeliefert. Diese fertige ich ebenfalls alle selbst zu Hause im Glaszwergenreich. Bei weiteren Fragen schickt mir gerne eine Email an <a href=\"mailto:glaszwerg@web.de\">glaszwerg@web.de<\/a> .<\/p>\n","protected":false},"excerpt":{"rendered":"<p>TEA-Rex als Retter des Teebeutels<\/p>\n","protected":false},"featured_media":4570,"comment_status":"open","ping_status":"closed","template":"","meta":{"_exactmetrics_skip_tracking":false,"_exactmetrics_sitenote_active":false,"_exactmetrics_sitenote_note":"","_exactmetrics_sitenote_category":0},"product_brand":[],"product_cat":[285,312,295],"product_tag":[723,722,725,724],"class_list":{"0":"post-4569","1":"product","2":"type-product","3":"status-publish","4":"has-post-thumbnail","6":"product_cat-anhaenger","7":"product_cat-kuechenhelfer","8":"product_cat-tierisch","9":"product_tag-team-tee","10":"product_tag-tearex","11":"product_tag-tee","12":"product_tag-teebeute","14":"first","15":"instock","16":"shipping-taxable","17":"purchasable","18":"product-type-simple"},"jetpack_sharing_enabled":true,"_links":{"self":[{"href":"https:\/\/glaszwerg.com\/index.php?rest_route=\/wp\/v2\/product\/4569","targetHints":{"allow":["GET"]}}],"collection":[{"href":"https:\/\/glaszwerg.com\/index.php?rest_route=\/wp\/v2\/product"}],"about":[{"href":"https:\/\/glaszwerg.com\/index.php?rest_route=\/wp\/v2\/types\/product"}],"replies":[{"embeddable":true,"href":"https:\/\/glaszwerg.com\/index.php?rest_route=%2Fwp%2Fv2%2Fcomments&post=4569"}],"wp:featuredmedia":[{"embeddable":true,"href":"https:\/\/glaszwerg.com\/index.php?rest_route=\/wp\/v2\/media\/4570"}],"wp:attachment":[{"href":"https:\/\/glaszwerg.com\/index.php?rest_route=%2Fwp%2Fv2%2Fmedia&parent=4569"}],"wp:term":[{"taxonomy":"product_brand","embeddable":true,"href":"https:\/\/glaszwerg.com\/index.php?rest_route=%2Fwp%2Fv2%2Fproduct_brand&post=4569"},{"taxonomy":"product_cat","embeddable":true,"href":"https:\/\/glaszwerg.com\/index.php?rest_route=%2Fwp%2Fv2%2Fproduct_cat&post=4569"},{"taxonomy":"product_tag","embeddable":true,"href":"https:\/\/glaszwerg.com\/index.php?rest_route=%2Fwp%2Fv2%2Fproduct_tag&post=4569"}],"curies":[{"name":"wp","href":"https:\/\/api.w.org\/{rel}","templated":true}]}}