{"id":4648,"date":"2021-03-19T15:58:08","date_gmt":"2021-03-19T15:58:08","guid":{"rendered":"https:\/\/glaszwerg.com\/?post_type=product&#038;p=4648"},"modified":"2025-02-12T19:47:38","modified_gmt":"2025-02-12T19:47:38","slug":"deichschaf","status":"publish","type":"product","link":"https:\/\/glaszwerg.com\/?product=deichschaf","title":{"rendered":"Deichschaf"},"content":{"rendered":"<p>Im Fr\u00fchling kommen sie langsam wieder zum Vorschein: die Deichschafe. Meist auch schon mit ihren L\u00e4mmchen. Sie strohmern \u00fcber die gr\u00fcnen saftigen Deichwiesen. Auch im Glaszwergenreich (das ist gar nicht soooooo weit weg vom Deich) schl\u00fcpfen sie auch gerade aus dem Ofen. Sie sind ungef\u00e4hr 1,5 &#8211; 2 cm im Durchmesser gro\u00df. Fast Kugelrund, alle handgefertigt, daher k\u00f6nnen sie im Aussehen und in der Ausf\u00fchrung ein wenig variieren. Sie werden von mir aus italienischem Glas am Brenner gefertigt und dann zum kontrollieren Abk\u00fchlen in den Ofen gesteckt. Sie k\u00f6nnen in Espressotassen oder in Blument\u00f6pfen hervorragend sitzen (am besten ist es, sie mit einem Zahnstocher zu fixieren, es gibt von unten eine Lochung).<\/p>\n<p>Bitte bei der Bestellung dazu schreiben, welche Farbe es sein darf (der Phantasie sind da fast keine Grenzen gesetzt).<\/p>\n<p>Kleine Anmerkung: die Postkarte im Hintergrund wird nicht mitgliefert! Diese und viele andere entz\u00fcckende Motive sind bei <a href=\"https:\/\/www.entrich.net\/\" target=\"_blank\" rel=\"noopener\">Pixellobby<\/a> erh\u00e4ltlich.<\/p>\n<p>Anmerkung gem. Produktsicherheitsverordnung:<br \/>\nIch fertige jede Glasperle in meinem Atelier selbst. Daf\u00fcr verwende ich italienisches Glas aus Murano und auch deutsches Weichglas aus Lauscha und Reichenbach. Jede Glasperle ist ein Unikat, keine gleicht der anderen, es ist alles Handarbeit. Wenn die Glasperle am Brenner fertig geformt ist, entspannt sie sich im Temperofen. Dadurch verl\u00e4ngert sich die Lebenszeit der Glasperle erheblich. Jede Glasperle wird vor dem Versand im Perlenkanal ges\u00e4ubert und dann weiterverarbeitet. Perlen f\u00fcr Anh\u00e4nger werden immer mit Edelstahlstiften und -Karabiner versehen. Blumenstecker-Perlen sind immer auf Edelstahlst\u00e4ben gearbeitet. Einige Anh\u00e4nger werden mit Papiertag ausgeliefert. Diese fertige ich ebenfalls alle selbst zu Hause im Glaszwergenreich. Bei weiteren Fragen schickt mir gerne eine Email an <a href=\"mailto:glaszwerg@web.de\">glaszwerg@web.de<\/a> .<\/p>\n","protected":false},"excerpt":{"rendered":"<p>Deichschaf f\u00fcr die Deko<\/p>\n","protected":false},"featured_media":4649,"comment_status":"open","ping_status":"closed","template":"","meta":{"_exactmetrics_skip_tracking":false,"_exactmetrics_sitenote_active":false,"_exactmetrics_sitenote_note":"","_exactmetrics_sitenote_category":0},"product_brand":[],"product_cat":[294,298,295],"product_tag":[769,445,729,768,297],"class_list":{"0":"post-4648","1":"product","2":"type-product","3":"status-publish","4":"has-post-thumbnail","6":"product_cat-blumenstecker","7":"product_cat-fairy-garden","8":"product_cat-tierisch","9":"product_tag-deich","10":"product_tag-maritim","11":"product_tag-moin","12":"product_tag-schaf","13":"product_tag-tierisch","15":"first","16":"instock","17":"shipping-taxable","18":"purchasable","19":"product-type-simple"},"jetpack_sharing_enabled":true,"_links":{"self":[{"href":"https:\/\/glaszwerg.com\/index.php?rest_route=\/wp\/v2\/product\/4648","targetHints":{"allow":["GET"]}}],"collection":[{"href":"https:\/\/glaszwerg.com\/index.php?rest_route=\/wp\/v2\/product"}],"about":[{"href":"https:\/\/glaszwerg.com\/index.php?rest_route=\/wp\/v2\/types\/product"}],"replies":[{"embeddable":true,"href":"https:\/\/glaszwerg.com\/index.php?rest_route=%2Fwp%2Fv2%2Fcomments&post=4648"}],"wp:featuredmedia":[{"embeddable":true,"href":"https:\/\/glaszwerg.com\/index.php?rest_route=\/wp\/v2\/media\/4649"}],"wp:attachment":[{"href":"https:\/\/glaszwerg.com\/index.php?rest_route=%2Fwp%2Fv2%2Fmedia&parent=4648"}],"wp:term":[{"taxonomy":"product_brand","embeddable":true,"href":"https:\/\/glaszwerg.com\/index.php?rest_route=%2Fwp%2Fv2%2Fproduct_brand&post=4648"},{"taxonomy":"product_cat","embeddable":true,"href":"https:\/\/glaszwerg.com\/index.php?rest_route=%2Fwp%2Fv2%2Fproduct_cat&post=4648"},{"taxonomy":"product_tag","embeddable":true,"href":"https:\/\/glaszwerg.com\/index.php?rest_route=%2Fwp%2Fv2%2Fproduct_tag&post=4648"}],"curies":[{"name":"wp","href":"https:\/\/api.w.org\/{rel}","templated":true}]}}