{"id":4860,"date":"2021-07-07T08:01:36","date_gmt":"2021-07-07T08:01:36","guid":{"rendered":"https:\/\/glaszwerg.com\/?post_type=product&#038;p=4860"},"modified":"2025-02-12T19:44:08","modified_gmt":"2025-02-12T19:44:08","slug":"schaf-als-anhaenger","status":"publish","type":"product","link":"https:\/\/glaszwerg.com\/?product=schaf-als-anhaenger","title":{"rendered":"Schaf als Anh\u00e4nger"},"content":{"rendered":"<p>Komme was Wolle! Aber vor allem ein kleines Schaf als Anh\u00e4nger. Das Schaf kann in wei\u00df oder schwarz f\u00fcr Sie hergestellt werden. Nat\u00fcrlich ist jedes Schaf ein Unikat und sieht immer ein wenig anders als &#8211; also: Abweichungen vom Bild sind wahrscheinlich und weil es Handarbeit ist, ist das auch erw\u00fcnscht.<\/p>\n<p>Die Schafe stelle ich an meinem Brenner im Glaszwergenreich her. Daf\u00fcr verwende ich haupts\u00e4chlich Murano-Glas aber auch Glas aus Lauscha. Jedes Schaf wird mit einem Edelstahlstift und Edelstahlkarabiner in einen Anh\u00e4nger verwandelt. Im Bestellvorgang kann gerne angegeben werden, ob es ein wei\u00dfes oder schwarzes Schaf werden soll und ob eventuell auch ein Bl\u00fcmchen (und wenn ja, welche Farbe) mit aufs Sch\u00e4fchen soll.<\/p>\n<p>Komplett ist das Anh\u00e4nger-Schaf mit einem Papier-Tag, selbstgemacht, selbst gestempelt. Es kann hie und da auch zu einer l\u00e4ngeren Lieferzeit kommen, da alles erst angefertigt werden muss, daher bitte gerne eine Nachricht im Bestellvorgang schreiben, wenn ein bestimmter Lieferzeitpunkt gew\u00fcnscht ist. Ich versuche alles m\u00f6glich zu machen, nur f\u00fcr die Versanddauer kann dann keine Garantie mehr \u00fcbernehmen.<\/p>\n<p>Anmerkung gem. Produktsicherheitsverordnung:<br \/>\nIch fertige jede Glasperle in meinem Atelier selbst. Daf\u00fcr verwende ich italienisches Glas aus Murano und auch deutsches Weichglas aus Lauscha und Reichenbach. Jede Glasperle ist ein Unikat, keine gleicht der anderen, es ist alles Handarbeit. Wenn die Glasperle am Brenner fertig geformt ist, entspannt sie sich im Temperofen. Dadurch verl\u00e4ngert sich die Lebenszeit der Glasperle erheblich. Jede Glasperle wird vor dem Versand im Perlenkanal ges\u00e4ubert und dann weiterverarbeitet. Perlen f\u00fcr Anh\u00e4nger werden immer mit Edelstahlstiften und -Karabiner versehen. Blumenstecker-Perlen sind immer auf Edelstahlst\u00e4ben gearbeitet. Einige Anh\u00e4nger werden mit Papiertag ausgeliefert. Diese fertige ich ebenfalls alle selbst zu Hause im Glaszwergenreich. Bei weiteren Fragen schickt mir gerne eine Email an <a href=\"mailto:glaszwerg@web.de\">glaszwerg@web.de<\/a> .<\/p>\n","protected":false},"excerpt":{"rendered":"<p>Schaf (wei\u00df oder schwarz) mit Karabiner &#8211; bitte Farbwunsch angeben<\/p>\n","protected":false},"featured_media":4858,"comment_status":"open","ping_status":"closed","template":"","meta":{"_exactmetrics_skip_tracking":false,"_exactmetrics_sitenote_active":false,"_exactmetrics_sitenote_note":"","_exactmetrics_sitenote_category":0},"product_brand":[],"product_cat":[285,295],"product_tag":[286,768],"class_list":{"0":"post-4860","1":"product","2":"type-product","3":"status-publish","4":"has-post-thumbnail","6":"product_cat-anhaenger","7":"product_cat-tierisch","8":"product_tag-anhaenger","9":"product_tag-schaf","11":"first","12":"instock","13":"shipping-taxable","14":"purchasable","15":"product-type-simple"},"jetpack_sharing_enabled":true,"_links":{"self":[{"href":"https:\/\/glaszwerg.com\/index.php?rest_route=\/wp\/v2\/product\/4860","targetHints":{"allow":["GET"]}}],"collection":[{"href":"https:\/\/glaszwerg.com\/index.php?rest_route=\/wp\/v2\/product"}],"about":[{"href":"https:\/\/glaszwerg.com\/index.php?rest_route=\/wp\/v2\/types\/product"}],"replies":[{"embeddable":true,"href":"https:\/\/glaszwerg.com\/index.php?rest_route=%2Fwp%2Fv2%2Fcomments&post=4860"}],"wp:featuredmedia":[{"embeddable":true,"href":"https:\/\/glaszwerg.com\/index.php?rest_route=\/wp\/v2\/media\/4858"}],"wp:attachment":[{"href":"https:\/\/glaszwerg.com\/index.php?rest_route=%2Fwp%2Fv2%2Fmedia&parent=4860"}],"wp:term":[{"taxonomy":"product_brand","embeddable":true,"href":"https:\/\/glaszwerg.com\/index.php?rest_route=%2Fwp%2Fv2%2Fproduct_brand&post=4860"},{"taxonomy":"product_cat","embeddable":true,"href":"https:\/\/glaszwerg.com\/index.php?rest_route=%2Fwp%2Fv2%2Fproduct_cat&post=4860"},{"taxonomy":"product_tag","embeddable":true,"href":"https:\/\/glaszwerg.com\/index.php?rest_route=%2Fwp%2Fv2%2Fproduct_tag&post=4860"}],"curies":[{"name":"wp","href":"https:\/\/api.w.org\/{rel}","templated":true}]}}